4538
In base 15, what is c732 - 780?
bea2
In base 16, what is 5ea21 + -4f?
5e9d2
In base 13, what is 13 + -2c26b7b?
-2c26b68
In base 11, what is -1745 - 17a82a?
-181474
In base 10, what is -991 - -345885?
344894
In base 8, what is -60246 - -6?
-60240
In base 7, what is -346524 - 101301?
-451125
In base 7, what is 0 + 416631?
416631
In base 6, what is -12142 - -2234252?
2222110
In base 11, what is -11733 + -179a?
-13422
In base 6, what is -242300312 + 4?
-242300304
In base 5, what is -4 - -1020021031?
1020021022
In base 6, what is -1333544214 + -13?
-1333544231
In base 10, what is 19 + -19159229?
-19159210
In base 7, what is -3 - -24565110?
24565104
In base 12, what is -64 + -104990?
-104a34
In base 12, what is -5 - -176434?
17642b
In base 13, what is b2 - -2167?
2249
In base 4, what is 102202301321 + -11?
102202301310
In base 15, what is 2a81956 + -3?
2a81953
In base 7, what is -2453034 + -24?
-2453061
In base 13, what is -b8c975 - 5?
-b8c97a
In base 7, what is 30445245403 - -5?
30445245411
In base 4, what is -1102 + -21300230211?
-21300231313
In base 12, what is -7a85 + -85b?
-8724
In base 9, what is -5 - -83562364?
83562358
In base 5, what is 4022014 + 11300?
4033314
In base 16, what is -36fe + -8620?
-bd1e
In base 14, what is 0 + -5448?
-5448
In base 16, what is -7f + 12375?
122f6
In base 5, what is -2014132431 - 2?
-2014132433
In base 15, what is e - 2221058?
-2221049
In base 3, what is -102120221 - -1110012102?
1000121111
In base 14, what is -b - -189750?
189743
In base 6, what is -14201 + 2051?
-12110
In base 4, what is 1 + -233111010121?
-233111010120
In base 6, what is -253333213003 - -2?
-253333213001
In base 8, what is 17627554 - -3?
17627557
In base 13, what is bb6 - -59aa?
6893
In base 8, what is -2426440 + -301?
-2426741
In base 3, what is -10 + 121120211120222?
121120211120212
In base 11, what is -101 - -51814?
51713
In base 14, what is -104 - -145c?
1358
In base 3, what is 2120112 + 101010120?
110201002
In base 16, what is -d - ad8dd?
-ad8ea
In base 9, what is 22 - -20822882?
20823014
In base 15, what is -51e - 10dd?
-160c
In base 10, what is 1925849 + -2?
1925847
In base 4, what is 3020132 - -12210223?
21231021
In base 7, what is -503341 - 3342?
-510013
In base 10, what is -156 - -110373?
110217
In base 13, what is 15a654 - 12?
15a642
In base 6, what is -104553525 - -20?
-104553505
In base 14, what is 173 + c153?
c2c6
In base 4, what is -11020231 - -12?
-11020213
In base 16, what is -99c + -131?
-acd
In base 2, what is 100110 + 100101000001000010000?
100101000001000110110
In base 7, what is -5 + -2632355431?
-2632355436
In base 10, what is -5 - 4632583?
-4632588
In base 15, what is -42 + 17491?
1744e
In base 12, what is aa0 - -18215?
190b5
In base 3, what is 202010102102200 + -1?
202010102102122
In base 14, what is 1a2 - 4122d?
-4106b
In base 15, what is -ca7 - -39de?
2c37
In base 13, what is 80 + -583962?
-5838b2
In base 11, what is 4 + 304799a3?
304799a7
In base 5, what is -11 + 324142133?
324142122
In base 4, what is 32 - 3013003021213?
-3013003021121
In base 9, what is 2 - 135307204?
-135307202
In base 16, what is 0 - 158ef6b?
-158ef6b
In base 16, what is 48d5a27 - 1?
48d5a26
In base 5, what is 34201 + -144310?
-110104
In base 13, what is 492 + -17087a?
-1703b8
In base 2, what is 100 + 101110110001011101101001?
101110110001011101101101
In base 4, what is 3010320 - -11123231?
20200211
In base 12, what is -2 - -4566?
4564
In base 10, what is 275 - -1292?
1567
In base 11, what is 134168a2 + -1?
134168a1
In base 5, what is 2223 + 104101133?
104103411
In base 5, what is -4123223321 - 21?
-4123223342
In base 16, what is -319d1 + -f0?
-31ac1
In base 3, what is 12220011 - -2022210?
22012221
In base 11, what is 32 - 37527?
-374a5
In base 3, what is -10 + -2102120122121000?
-2102120122121010
In base 8, what is 727163 + -347?
726614
In base 5, what is 142412330 + 1?
142412331
In base 10, what is -131647062 + -2?
-131647064
In base 5, what is -2 + 223430310?
223430303
In base 7, what is 220162 - -35664?
256156
In base 2, what is 110111010 + 100110111001010?
100111110000100
In base 6, what is -4 - 4211153010?
-4211153014
In base 13, what is 29b920 + 103?
29ba23
In base 11, what is 0 + -1058492?
-1058492
In base 13, what is -5851 - 368?
-5bb9
In base 11, what is -34 - -7835a72?
7835a39
In base 7, what is 6116560 + -1101?
6115456
In base 2, what is -10 + 111111101001111000011011011?
111111101001111000011011001
In base 7, what is -515206 - 504?
-516013
In base 8, what is -7764 + -277?
-10263
In base 6, what is 1545124123 - 0?
1545124123
In base 5, what is -1 + 130311122314?
130311122313
In base 7, what is 41426615 + 6?
41426624
In base 9, what is -73435 - 107?
-73543
In base 3, what is 11 - 1011202100122?
-1011202100111
In base 6, what is 142 - -2141113?
2141255
In base 4, what is 311023133103302 + -2?
311023133103300
In base 2, what is -10010000 + 1100101001010011001100?
1100101001010000111100
In base 14, what is 4 + 433c239?
433c23d
In base 13, what is 47b + 22a9?
2757
In base 6, what is 135 - -312232?
312411
In base 6, what is -33005252 + 44?
-33005204
In base 7, what is 2446664225 + -2?
2446664223
In base 9, what is 3 - 247552670?
-247552666
In base 3, what is -11222202120 + -12020011?
-12011222201
In base 15, what is 102379 - 1?
102378
In base 11, what is 3868898 - 5?
3868893
In base 7, what is 142415454 + 5?
142415462
In base 12, what is 28 - -111b099?
111b105
In base 16, what is 1b3 + -2c4a?
-2a97
In base 14, what is -4 + 27d234?
27d230
In base 9, what is 4 + -6543003?
-6542888
In base 15, what is -c6 + 723a20?
723949
In base 10, what is 45996 + -52?
45944
In base 5, what is -1023212 + -23432?
-1102144
In base 3, what is -1 - -121020121201102?
121020121201101
In base 3, what is -212200210210 + 110?
-212200210100
In base 13, what is 1 + 8066c1?
8066c2
In base 4, what is 21 - 130230232103?
-130230232022
In base 3, what is -210112100202 + -11?
-210112100220
In base 10, what is 9117 + 3077?
12194
In base 5, what is -14 - 1213200210?
-1213200224
In base 16, what is -5159c11 + 3?
-5159c0e
In base 13, what is -3a3 - 2747?
-2b1a
In base 14, what is -877bc2 - 22a?
-87800c
In base 13, what is 1983b - 20b4?
17757
In base 3, what is 1001 + -21102100200122?
-21102100122121
In base 3, what is -1021122 + 1010100100?
1002001201
In base 16, what is 3ae6 + 160c?
50f2
In base 5, what is -401142 - -4044?
-342043
In base 9, what is -130735 - -31?
-130704
In base 5, what is 4 - -2122043232?
2122043241
In base 7, what is 163136266 - -2?
163136301
In base 11, what is 3 - -763138?
763140
In base 15, what is -1b + -162d5a?
-162d76
In base 6, what is 0 + -30035330?
-30035330
In base 8, what is 21240 + 12765?
34225
In base 14, what is 87b7905 - 2?
87b7903
In base 7, what is -42 - 2611342?
-2611414
In base 12, what is -2 - 19b712?
-19b714
In base 15, what is 614 - -2367?
297b
In base 7, what is 156421 - -4040?
163461
In base 8, what is 20537 + -24614?
-4055
In base 4, what is 22000 + -3103120?
-3021120
In base 8, what is -11017 + 4600?
-4217
In base 15, what is -10e7be54 + 4?
-10e7be50
In base 16, what is 133f - -14479?
157b8
In base 15, what is 2b + 3a226?
3a252
In base 7, what is -3104 + 111622?
105515
In base 8, what is -3563 + -431725?
-435510
In base 9, what is 687 - -3020654?
3021452
In base 10, what is -47746744 - -5?
-47746739
In base 16, what is 16c - -181974?
181ae0
In base 7, what is -2530045260 - 2?
-2530045262
In base 6, what is -24243 - 100022?
-124305
In base 5, what is -121204234 - 222?
-121210011
In base 15, what is 88 - -dec7?
e060
In base 5, what is 4140313 + 342?
4141210
In base 8, what is 12730513 - 0?
12730513
In base 9, what is -10433 + 260?
-10163
In base 15, what is 955b76 - 0?
955b76
In base 11, what is 3 - 13140807?
-13140804
In base 3, what is 2211121 + 12202201?
22121022
In base 3, what is -1 - 21121120000010?
-21121120000011
In base 9, what is -116478235 + -5?
-116478241
In base 3, what is -20020211 - -2100001?
-10220210
In base 10, what is -31276 - 142?
-31418
In base 2, what is -10101110 - 1011101011100101?
-1011101110010011
In base 2, what is 11 + 111011011111101101111111111?
111011011111101110000000010
In base 13, what is -174 - 19219?
-19390
In base 15, what is -8aa36a - 1?
-8aa36b
In base 13, what is -12c8 + -15aa?
-28a5